{"id":9039,"date":"2025-10-13T12:45:27","date_gmt":"2025-10-13T12:45:27","guid":{"rendered":"https:\/\/amazonexpedition.com\/?page_id=9039"},"modified":"2025-10-13T14:55:56","modified_gmt":"2025-10-13T14:55:56","slug":"who-we-are-5","status":"publish","type":"page","link":"https:\/\/amazonexpedition.com\/?page_id=9039","title":{"rendered":"Who we are vITA"},"content":{"rendered":"\t\t<div data-elementor-type=\"wp-page\" data-elementor-id=\"9039\" class=\"elementor elementor-9039\" data-elementor-post-type=\"page\">\n\t\t\t\t<div class=\"elementor-element elementor-element-717896f e-flex e-con-boxed e-con e-parent\" data-id=\"717896f\" data-element_type=\"container\">\n\t\t\t\t\t<div class=\"e-con-inner\">\n\t\t\t\t<div class=\"elementor-element elementor-element-8805209 elementor-widget elementor-widget-heading\" data-id=\"8805209\" data-element_type=\"widget\" data-widget_type=\"heading.default\">\n\t\t\t\t<div class=\"elementor-widget-container\">\n\t\t\t<style>\/*! elementor - v3.21.0 - 18-04-2024 *\/\n.elementor-heading-title{padding:0;margin:0;line-height:1}.elementor-widget-heading .elementor-heading-title[class*=elementor-size-]>a{color:inherit;font-size:inherit;line-height:inherit}.elementor-widget-heading .elementor-heading-title.elementor-size-small{font-size:15px}.elementor-widget-heading .elementor-heading-title.elementor-size-medium{font-size:19px}.elementor-widget-heading .elementor-heading-title.elementor-size-large{font-size:29px}.elementor-widget-heading .elementor-heading-title.elementor-size-xl{font-size:39px}.elementor-widget-heading .elementor-heading-title.elementor-size-xxl{font-size:59px}<\/style><h2 class=\"elementor-heading-title elementor-size-default\">Ciao a tutti, siamo Sara e Fred <\/h2>\t\t<\/div>\n\t\t\t\t<\/div>\n\t\t\t\t<div class=\"elementor-element elementor-element-481d485 elementor-widget elementor-widget-heading\" data-id=\"481d485\" data-element_type=\"widget\" data-widget_type=\"heading.default\">\n\t\t\t\t<div class=\"elementor-widget-container\">\n\t\t\t<h2 class=\"elementor-heading-title elementor-size-default\"><span style=\"font-size: 9px;\">versioni in altre lingue, vedi fondo pagina<\/span><\/h2>\t\t<\/div>\n\t\t\t\t<\/div>\n\t\t\t\t\t<\/div>\n\t\t\t\t<\/div>\n\t\t<div class=\"elementor-element elementor-element-f76f2d1 e-flex e-con-boxed e-con e-parent\" data-id=\"f76f2d1\" data-element_type=\"container\">\n\t\t\t\t\t<div class=\"e-con-inner\">\n\t\t<div class=\"elementor-element elementor-element-ca51223 e-con-full e-flex e-con e-child\" data-id=\"ca51223\" data-element_type=\"container\">\n\t\t\t\t<div class=\"elementor-element elementor-element-3e79dcf elementor-widget elementor-widget-text-editor\" data-id=\"3e79dcf\" data-element_type=\"widget\" data-widget_type=\"text-editor.default\">\n\t\t\t\t<div class=\"elementor-widget-container\">\n\t\t\t<style>\/*! elementor - v3.21.0 - 18-04-2024 *\/\n.elementor-widget-text-editor.elementor-drop-cap-view-stacked .elementor-drop-cap{background-color:#69727d;color:#fff}.elementor-widget-text-editor.elementor-drop-cap-view-framed .elementor-drop-cap{color:#69727d;border:3px solid;background-color:transparent}.elementor-widget-text-editor:not(.elementor-drop-cap-view-default) .elementor-drop-cap{margin-top:8px}.elementor-widget-text-editor:not(.elementor-drop-cap-view-default) .elementor-drop-cap-letter{width:1em;height:1em}.elementor-widget-text-editor .elementor-drop-cap{float:left;text-align:center;line-height:1;font-size:50px}.elementor-widget-text-editor .elementor-drop-cap-letter{display:inline-block}<\/style>\t\t\t\t<p>Io, Sara, sono un&#8217;Amazzone brasiliana Cabocla, discendente del popolo indigeno Apiaka.Ho conosciuto Fr\u00e9d\u00e9ric, un viaggiatore francese mentre era in giro per il mondo nel 2014\/2015. Cadendo sotto l&#8217;incantesimo dell&#8217;Amazzonia <em>(mi spiegher\u00e0 perch\u00e9),<\/em> \u00e8 tornato pi\u00f9 volte durante il suo viaggio intorno al mondo e i legami si sono naturalmente creati con la mia famiglia. Dal 2017 accogliamo visitatori provenienti da tutto il mondo, senza particolari condizioni fisiche e di tutte le et\u00e0, nella nostra piccola struttura* eco ed etnoturistica, offrendo emozionanti immersioni nell&#8217;autentica vita amazzonica, sia nell&#8217;opulenta foresta primaria che con le comunit\u00e0 autoctone e indigene.<\/p>\t\t\t\t\t\t<\/div>\n\t\t\t\t<\/div>\n\t\t\t\t<\/div>\n\t\t<div class=\"elementor-element elementor-element-2482497 e-con-full e-flex e-con e-child\" data-id=\"2482497\" data-element_type=\"container\">\n\t\t\t\t<div class=\"elementor-element elementor-element-88a9d6c elementor-widget elementor-widget-ld_fancy_image\" data-id=\"88a9d6c\" data-element_type=\"widget\" data-widget_type=\"ld_fancy_image.default\">\n\t\t\t\t<div class=\"elementor-widget-container\">\n\t\t\t\n\t\t<div class=\"lqd-imggrp-single d-block pos-rel \">\n\t\t\t<div class=\"lqd-imggrp-img-container d-inline-flex pos-rel align-items-center justify-content-center \">\n\t\t\t\t\t\t\t\t<figure class=\"w-100 pos-rel\">\n\t\t\t\t\t<img fetchpriority=\"high\" decoding=\"async\" width=\"5496\" height=\"3299\" src=\"https:\/\/amazonexpedition.com\/wp-content\/uploads\/2024\/05\/nos.jpg\" class=\"attachment-full size-full wp-image-7521\" alt=\"\" srcset=\"https:\/\/amazonexpedition.com\/wp-content\/uploads\/2024\/05\/nos.jpg 5496w, https:\/\/amazonexpedition.com\/wp-content\/uploads\/2024\/05\/nos-300x180.jpg 300w, https:\/\/amazonexpedition.com\/wp-content\/uploads\/2024\/05\/nos-1024x615.jpg 1024w, https:\/\/amazonexpedition.com\/wp-content\/uploads\/2024\/05\/nos-1536x922.jpg 1536w, https:\/\/amazonexpedition.com\/wp-content\/uploads\/2024\/05\/nos-2048x1229.jpg 2048w\" sizes=\"(max-width: 5496px) 100vw, 5496px\" itemprop=\"image\" \/>\t\t\t\t\t\t\t\t\t\t\t\t\t\t\t\t\t\t\t\t\t\t\t\t\t\t\t\t\t<\/figure>\n\t\t\t<\/div>\n\t\t<\/div>\n\n\t\t\t<\/div>\n\t\t\t\t<\/div>\n\t\t\t\t<\/div>\n\t\t\t\t\t<\/div>\n\t\t\t\t<\/div>\n\t\t<div class=\"elementor-element elementor-element-21437c1 e-flex e-con-boxed e-con e-parent\" data-id=\"21437c1\" data-element_type=\"container\">\n\t\t\t\t\t<div class=\"e-con-inner\">\n\t\t\t\t<div class=\"elementor-element elementor-element-52aa22d elementor-widget elementor-widget-text-editor\" data-id=\"52aa22d\" data-element_type=\"widget\" data-widget_type=\"text-editor.default\">\n\t\t\t\t<div class=\"elementor-widget-container\">\n\t\t\t\t\t\t\t<p>Se ora ho una buona padronanza della lingua francese, ho un po&#8217; pi\u00f9 di problemi a scriverlo, quindi vi lascio scoprire di pi\u00f9 qui sotto con Fred e vi invito a guardare questo piccolo video di presentazione <a href=\"https:\/\/youtu.be\/5lj0vYRkoxs\">cliccando qui.<\/a><br \/><strong>Non esitate a contattarci e discutere del vostro futuro progetto di viaggio&#8230; vedrai, l&#8217;Amazon sorprende ancora pi\u00f9 di quanto immagini!<br \/><\/strong><em>ps: il nostro team \u00e8 una grande famiglia composta da guide di lingua inglese, italiana, portoghese, spagnola e naturalmente francese, ma anche autisti di auto, minibus e pullman che vengono a prendervi all&#8217;aeroporto, piloti di piccole imbarcazioni a motore e capitani di barche regionali; tutti ovviamente sono legalmente autorizzati. Il nostro staff comprende anche cuochi, massaggiatrici, partner proprietari di pensioni&#8230; senza dimenticare naturalmente i nostri ospiti e amici, nativi Caboclos, Ribeirinhos e nativi che ci spalancano sempre le braccia e le porte, condividendo umilmente le loro conoscenze ancestrali e che ci illuminano con la loro gentilezza e i loro sorrisi&#8230; Un grande grazie a tutti!<\/em><\/p><p style=\"text-align: center;\"><em>___________<\/em><\/p><p>Ciao, sono Fred, un francese della regione della Bretagna (Breizh) che vive nell&#8217;Amazzonia brasiliana dal 2016. Con mia moglie Sara, indigena, e i nostri due figli nati qui, mi piace ricordare l&#8217;unione delle nostre rispettive radici, che ci rendono una piccola famiglia di &#8230; Breizhiliens.<\/p><p>Potrei anche introdurre rapidamente i miei Amori in questa presentazione, perch\u00e9 in ogni caso, sar\u00e0 difficile per voi non incontrarli quando verrete qui, dato che siamo cos\u00ec connessi.<\/p><p>Vivere in condizioni cos\u00ec lontane dalla tua vita quotidiana, con un modo di operare locale ma anche infrastrutture, un sistema, un ritmo cos\u00ec diverso dalla vita europea&#8230; Tutti questi elementi fanno s\u00ec che l&#8217;organizzazione della nostra piccola azienda sia necessariamente a conduzione familiare. Le nostre spedizioni nelle terre indigene durano pi\u00f9 giorni, dobbiamo comporre, a volte alternare tra Sara, le nostre guide e me o al contrario andare tutti insieme &#8220;come una famiglia&#8221; per assaporare la realt\u00e0 dei nostri ospiti, guardiani della foresta.<\/p><p>Ma allora cosa intendi?<strong><br \/>Un francese per aiutarti a scoprire le meraviglie dell&#8217;Amazzonia, un po&#8217; sorprendente, vero?<br \/><\/strong><br \/>Beh, non tanto, perch\u00e9 proprio prima ero il turista che sei tu, ed \u00e8 stato anche attraverso un francese, Bernard, proprietario della famosa barca Amazon Dream, che ho scoperto la regione nel 2014 mentre facevo un giro del mondo.\u00a0 Sono andato a visitare pi\u00f9 di quanti fossero gli itinerari esistenti, motivo per cui oggi possiamo vantarci di offrire pacchetti esclusivi che non troverete da nessun&#8217;altra parte.<\/p><p>Naturalmente, non ho dimenticato per cosa sono venuto qui in quel momento, e quindi quali possono essere le vostre aspettative all&#8217;idea di viaggiare attraverso questa mitica Terra.<\/p><p>Ma pi\u00f9 che una terra, sono i suoi maestosi fiumi che porteremo alla scoperta delle ricchezze della regione. Per questo, la nostra flotta \u00e8 composta da varie barche e se offriamo le stesse crociere Amazon Dream degli ottimi colleghi francesi sui loro siti web specializzati in viaggi dall&#8217;altra parte del mondo, Bernard accetta volentieri che possiamo noleggiare Amazon Dream per gruppi che desiderano avere un programma personalizzato. Questa possibilit\u00e0 di viaggio &#8220;su misura&#8221; \u00e8 possibile anche a bordo di Belle Amazon &amp; Amazon Dolphin, Giuseppe II, Comandante Emanuel e infine Comandante Levi, di cui siamo gli unici operatori e rappresentanti in Europa.<\/p><p><strong>Per l&#8217;ex viaggiatore in giro per il mondo che sono, si pu\u00f2, e giustamente, immaginarmi appassionato di autenticit\u00e0 e viaggi immersivi.<\/strong><br \/>\u00c8 cos\u00ec che, nel tempo, ho potuto creare forti legami con le popolazioni locali sia nelle piccole comunit\u00e0 che vivono sulle rive dei fiumi sia con le popolazioni indigene; E per di pi\u00f9, ho visto in loro una vera reciprocit\u00e0, un desiderio e una necessit\u00e0 di ricevere visite di qualit\u00e0 in piccoli gruppi al fine di garantire un turismo equo e sostenibile che sia immediatamente vantaggioso!<\/p><p>Vedrete voi stessi, nessuna distanza, nessun intermediario, gli indigeni che ci accoglieranno sono di grande semplicit\u00e0 unita ad una generosit\u00e0 contagiosa. Ti porteremo nella loro terra, nel loro umile habitat, in una piccola capanna di legno o in una maloca di paglia perch\u00e9 \u00e8 loro desiderio accoglierti in questo modo, condividere il loro pasto o includerti nei loro rituali.<\/p><p>Lungi dall&#8217;essere un turismo di massa senza anima n\u00e9 sapore, questa entusiasmante evoluzione dall&#8217;ecoturismo all&#8217;etnoturismo portata avanti in un profondo rispetto per le loro culture e tradizioni, ha portato ad un impatto concreto sul piano umano per entrambe le parti, traducendosi in guadagni socio-economici e ambientali. Imparerai da loro come loro impareranno da te. Sara ed io garantiamo l&#8217;intermediario, organizziamo il vostro soggiorno, le vostre vere guide sono i nativi delle comunit\u00e0 lungo il fiume e le &#8220;aldeias&#8221; (villaggi) indigeni.<\/p><p>\u00c8 quindi questo suggestivo viaggio che Sara ed io vi proponiamo, un autentico e commovente scambio culturale in paesaggi grandiosi, un&#8217;incredibile scoperta di una quotidianit\u00e0 cos\u00ec lontana dalla vostra, un&#8217;intensa lezione di vita che ci sembra utile per lo sviluppo personale di ognuno di noi&#8230; O addirittura indispensabile, a mio avviso, per chi vuole &#8220;evolversi&#8221;.<\/p><p><strong>Dopo aver accennato all&#8217;Umano, vorrei condividere con voi ci\u00f2 che l&#8217;Amazzonia mi ha rivelato senza che me lo aspettassi.<\/strong><\/p><p>Infatti, come ho detto prima, la mia scoperta di questo paradiso \u00e8 avvenuta durante un tour mondiale negli anni 2014 e 2015.<\/p><p>Tre anni prima, in Francia, ero stato vittima di una grave caduta che aveva richiesto pi\u00f9 di due anni di riabilitazione. In un centro specializzato, ho dovuto lottare all&#8217;inizio per essere in grado di sedermi di nuovo, abituarmi a vivere su una sedia a rotelle, poi provare ad alzarmi con l&#8217;aiuto delle stampelle e infine, e non senza difficolt\u00e0 reimparare a camminare per&#8230; 37 anni.<\/p><p>Cos\u00ec, quando sono uscita dall&#8217;ospedale con questo nuovo status di disabile, ho deciso di girare il mondo, da sola, con il bastone in mano e una grande borsa sulle spalle, visitando decine di paesi a me ancora sconosciuti, per controllare il mio corpo &#8220;riparato&#8221; e conoscerne i nuovi limiti.<\/p><p>\u00c8 cos\u00ec che durante la mia visita in Amazzonia, sono rimasta sorpresa di scoprire, oltre alle meraviglie della Natura, che il clima e l&#8217;energia del luogo sembravano &#8220;terapeutici&#8221; per il mio corpo, chiaramente sentivo <em>(e sento ancora)<\/em> meno dolore qui che in qualsiasi altra parte del mondo. Mentre molte altre destinazioni pianificate si sono dimostrate eccitanti o informative, nessuna di esse mi ha calmato come fa l&#8217;Amazzonia&#8230; altre regioni del mondo che avevo tanta voglia di visitare si sono allontanate da me, mentre paradossalmente mi stavo avvicinando, il mio corpo non era pi\u00f9 in grado di sopportare temperature troppo basse.<\/p><p>Se logicamente temevo le zone umide che sapevo rivelavano dolori articolari, contro ogni previsione, questa Amazzonia caraibica \u00e8 stata una vera rivelazione.<\/p><p>Situata tra l&#8217;Amazzonia troppo turistica ed estremamente umida di Manaus da un lato e la savana amazzonica dall&#8217;altro <em>(s\u00ec, l&#8217;ho scoperto anch&#8217;io),<\/em> rimarrete affascinati nello scoprire oltre allo scenario previsto, un clima caldo ma tutt&#8217;altro che soffocante, piogge furtive di un&#8217;incredibile intensit\u00e0 di bellezza, paradisiache spiagge di sabbia bianca che permettono nuotate inimmaginabili,\u00a0 e notti senza&#8230; Zanzare!S\u00ec, s\u00ec!!<\/p><p>Questo svelamento che l&#8217;Amazzonia ha accettato di offrirmi, sar\u00e0 stato fonte di stupore a tal punto che durante tutto il mio viaggio in Coppa del Mondo, torno 3 volte per avere conferma delle sue virt\u00f9 e finalmente prendere l&#8217;iniziativa di stabilirmi l\u00ec.<\/p><p><strong>\u00c8 nata la mia voglia di respirare, assorbire e poi condividere con gli altri l&#8217;energia amazzonica<\/strong>!<\/p><p>Abbiamo quindi immaginato e completato la nostra offerta pensando a voi, al pubblico ricettivo alle belle vibrazioni, a chi cerca evasioni ma anche semplicit\u00e0 e generosit\u00e0, a voi appassionati di attivit\u00e0 in mezzo alla natura o amanti delle escursioni, a tutti coloro che desiderano lasciarsi stupire sempre di pi\u00f9 dalla contemplazione di nuove bellezze naturali o evadere, esplorare i propri sensi,\u00a0 Far evolvere la propria anima in un ambiente con radiazioni uniche cariche di suggestioni, sollecite alla stimolazione dell&#8217;inconscio e allo sblocco emotivo, favorevoli all&#8217;ascolto delle nostre intuizioni e all&#8217;elevazione della nostra spiritualit\u00e0 all&#8217;interno della foresta pi\u00f9 grande del mondo.<\/p><p>E poi naturalmente, che \u00e8 un grande motivo di orgoglio, a dimostrazione che una piccola struttura pu\u00f2 essere leader e aprire la strada, saremo felici di potervi ricevere molto presto, voi, miei fratelli alle prese con le menomazioni motorie. Continua sulla pagina Viaggi inclusi.<\/p><p>In questi tempi difficili in cui nascere da una parte o dall&#8217;altra di un confine pu\u00f2 plasmare per sempre un&#8217;esistenza, in cui la Politica, il Risparmio e i Profitti sembrano essere i vettori incrollabili dei nostri leader, in cui un virus ci isola per mesi tra 4 mura e il virtuale ha la precedenza sulla socialit\u00e0, un ritorno alle fonti di questa natura diventa scontato,\u00a0 una necessit\u00e0 per il risveglio del cuore e dell&#8217;anima; un richiamo al rispetto degli altri, le cosiddette popolazioni pi\u00f9 deboli, un invito al rispetto della memoria e del sapere ancestrale che \u00e8 stato sempre pi\u00f9 annientato dall&#8217;evoluzione umana e naturalmente un&#8217;esortazione al rispetto della nostra Terra e della sua abbondante Natura, forse troppo generosa nei confronti dell&#8217;egoista specie animale che si definisce &#8220;evoluta&#8221;.<\/p><p>\u00c8 cos\u00ec che, forse, capirete ancora di pi\u00f9 quando tornerete in Europa o altrove, il motivo per cui molte settimane fa avete scelto questa destinazione. Probabilmente come altri viaggiatori prima di te, ci scriverai mesi e anni dopo il tuo incontro amazzonico per dirci quanto l&#8217;umilt\u00e0 imposta da tali scoperte abbia partecipato alla tua evoluzione, trasformando quello che pensavi fosse solo un viaggio in diversi&#8230;<\/p><p>\u00a0\ud83d\ude4f\ud83c\udffdArrivederci! Fr\u00e9d\u00e9ric &amp; Sara<\/p><p><span style=\"font-size: 12px;\"><em>*societ\u00e0 legalmente registrata presso il Ministero del Turismo del Brasile con il numero 28.835.076\/0001-56<\/em><\/span><\/p><p style=\"text-align: center;\"><a href=\"https:\/\/amazonexpedition.com\/?p=9071\"><strong><em>Scopri il ritratto di Bruna, la nostra terapista, cliccando qui.<\/em><\/strong><\/a><\/p><p style=\"text-align: center;\"><em><br \/><img decoding=\"async\" class=\"size-medium wp-image-8149 aligncenter\" src=\"https:\/\/amazonexpedition.com\/wp-content\/uploads\/2024\/10\/SaveClip.App_373298657_18277306969198108_5082324969075758334_n-240x300.jpg\" alt=\"\" width=\"240\" height=\"300\" srcset=\"https:\/\/amazonexpedition.com\/wp-content\/uploads\/2024\/10\/SaveClip.App_373298657_18277306969198108_5082324969075758334_n-240x300.jpg 240w, https:\/\/amazonexpedition.com\/wp-content\/uploads\/2024\/10\/SaveClip.App_373298657_18277306969198108_5082324969075758334_n-819x1024.jpg 819w, https:\/\/amazonexpedition.com\/wp-content\/uploads\/2024\/10\/SaveClip.App_373298657_18277306969198108_5082324969075758334_n.jpg 1440w\" sizes=\"(max-width: 240px) 100vw, 240px\" \/><br \/><a href=\"https:\/\/amazonexpedition.com\/?page_id=7515\" target=\"_blank\" rel=\"noopener\">versione originale francese<\/a> \/ <a href=\"https:\/\/amazonexpedition.com\/?page_id=9020\" target=\"_blank\" rel=\"noopener\">versione inglese<\/a> \/ <a href=\"https:\/\/amazonexpedition.com\/?page_id=9026\" target=\"_blank\" rel=\"noopener\">versione spagnola<\/a> \/ <a href=\"https:\/\/amazonexpedition.com\/?page_id=9031\" target=\"_blank\" rel=\"noopener\">versione portoghese<\/a> \/ <a href=\"https:\/\/amazonexpedition.com\/?page_id=9045\" target=\"_blank\" rel=\"noopener\">versione tedesca<\/a><br \/><\/em><\/p>\t\t\t\t\t\t<\/div>\n\t\t\t\t<\/div>\n\t\t\t\t\t<\/div>\n\t\t\t\t<\/div>\n\t\t<div class=\"elementor-element elementor-element-f6a88a2 e-flex e-con-boxed e-con e-parent\" data-id=\"f6a88a2\" data-element_type=\"container\">\n\t\t\t\t\t<div class=\"e-con-inner\">\n\t\t\t\t\t<\/div>\n\t\t\t\t<\/div>\n\t\t\t\t<\/div>\n\t\t","protected":false},"excerpt":{"rendered":"<p>Ciao a tutti, siamo Sara e Fred versioni in altre lingue, vedi fondo pagina Io, Sara, sono un&#8217;Amazzone brasiliana Cabocla, discendente del popolo indigeno Apiaka.Ho conosciuto Fr\u00e9d\u00e9ric, un viaggiatore francese mentre era in giro per il mondo nel 2014\/2015. Cadendo sotto l&#8217;incantesimo dell&#8217;Amazzonia (mi spiegher\u00e0 perch\u00e9), \u00e8 tornato pi\u00f9 volte durante il suo viaggio intorno [&hellip;]<\/p>\n","protected":false},"author":1,"featured_media":0,"parent":0,"menu_order":0,"comment_status":"closed","ping_status":"closed","template":"elementor_header_footer","meta":{"footnotes":""},"class_list":["post-9039","page","type-page","status-publish","hentry"],"_links":{"self":[{"href":"https:\/\/amazonexpedition.com\/index.php?rest_route=\/wp\/v2\/pages\/9039","targetHints":{"allow":["GET"]}}],"collection":[{"href":"https:\/\/amazonexpedition.com\/index.php?rest_route=\/wp\/v2\/pages"}],"about":[{"href":"https:\/\/amazonexpedition.com\/index.php?rest_route=\/wp\/v2\/types\/page"}],"author":[{"embeddable":true,"href":"https:\/\/amazonexpedition.com\/index.php?rest_route=\/wp\/v2\/users\/1"}],"replies":[{"embeddable":true,"href":"https:\/\/amazonexpedition.com\/index.php?rest_route=%2Fwp%2Fv2%2Fcomments&post=9039"}],"version-history":[{"count":10,"href":"https:\/\/amazonexpedition.com\/index.php?rest_route=\/wp\/v2\/pages\/9039\/revisions"}],"predecessor-version":[{"id":9121,"href":"https:\/\/amazonexpedition.com\/index.php?rest_route=\/wp\/v2\/pages\/9039\/revisions\/9121"}],"wp:attachment":[{"href":"https:\/\/amazonexpedition.com\/index.php?rest_route=%2Fwp%2Fv2%2Fmedia&parent=9039"}],"curies":[{"name":"wp","href":"https:\/\/api.w.org\/{rel}","templated":true}]}}